0)). Suppose 5*u - b*r - 25 = 0, 2*r - 2 = 4*u - 16. Suppose 0*q = -u*q + 118. What is the tens digit of q?
5
Let k(u) = -8*u + 7. Let s be k(2). What is the units digit of (6/4)/(s/(-678))?
3
Suppose 0 = 5*z - c + 517, -8*z + 3*z - 5*c - 535 = 0. Let s = 678 - z. What is the units digit of s?
2
Let q(i) = -i**3 - 14*i**2 - 6*i - 31. Let r be q(-14). Let c = -12 + r. What is the units digit of c?
1
Let i(g) = -24*g - 21. Let l be i(16). Let b = l + 683. What is the tens digit of b?
7
Let i(d) = d**3 + 7*d**2 + 5. Let h be i(-7). Suppose -h*u - 2340 = -5*z, -8*z + 5*u - 1428 = -11*z. What is the tens digit of z?
7
Let a = -173 + 3381. Suppose -a = -12*x + 4*x. What is the units digit of x?
1
Let k(h) = 4*h**2 - 24*h - 81. Let j(d) = d**2 - 6*d - 20. Let b(r) = 9*j(r) - 2*k(r). What is the units digit of b(11)?
7
Let h(u) = 2*u**3 - 44*u**2 + 43*u - 6. Let v be h(21). What is the units digit of 851 + -2 + (-15)/v?
8
Let j = 59 - -376. Suppose 5*p + 5*w - j = 0, 2*p + p + w = 267. What is the units digit of p?
0
Let r(m) = 6*m + 9. Let w be 5 - (-4 + 7) - (2 - -1). Let t be r(w). What is the tens digit of 0 - t - (-189 - 14)?
0
Let u = -17696 - -22565. What is the hundreds digit of u?
8
Let d = -23015 - -41092. What is the units digit of d?
7
Suppose 7*d - 62633 = -7*d + 181261. What is the thousands digit of d?
7
What is the units digit of 8 + 754/(-78) - (43282/(-6) + 1)?
1
Suppose -656015 = -49*c - 100306. What is the ten thousands digit of c?
1
Let w be (6 - 115/20) + 2/(-8). Suppose w = -26*h + 7778 + 6834. What is the units digit of h?
2
Suppose -5*n + 2*a = 540, 0 = -2*n + 5*n - 2*a + 328. Let m = n - -579. What is the tens digit of m?
7
Suppose 180114 = 67*z - 11037. What is the thousands digit of z?
2
Suppose -2*c + 2*p = -364, -5*p = 3*c + c - 746. Let i = c - -819. What is the units digit of i?
3
Suppose -4*i + 57891 = 5*b, -2*i - 2*b + 13093 = -15855. What is the tens digit of i?
7
Let r = -9136 - -17183. What is the hundreds digit of r?
0
What is the tens digit of ((-150)/45)/(0 - (-3)/(-6210))?
0
Let g(j) be the first derivative of j**4/2 - 7*j**3/3 - 4*j**2 - 14*j - 14. Let z be g(6). Let x = z - 45. What is the units digit of x?
3
Suppose -5*s - 2 = v - 4, 4 = 2*v + s. Let d(q) = -10*q - 19*q**2 + 65*q**2 - q**3 - 24*q**v - 7 - 14*q**2. What is the units digit of d(6)?
5
Suppose -38880 = 485*w - 500*w. Suppose -3*b + 3910 = -5*t, 4*t - w = 14*b - 16*b. What is the units digit of b?
0
Suppose 10368 = -17*v + 5*v + 33912. What is the units digit of v?
2
Suppose -4*i - m - 55 - 50 = 0, -3*i = m + 80. What is the units digit of 1646/10 + 2 + (-10)/i?
7
Let q(h) be the third derivative of 37*h**5/60 + h**4/8 - h**3/3 - 2*h**2 - 60. Let f = 2 - 1. What is the tens digit of q(f)?
3
Let p = -25 + 28. Let x be ((-2)/p)/((-3)/72). Suppose 70 = 2*i - x. What is the units digit of i?
3
Let h = -3333 + 3457. Let q be (-15)/(-4) + 3/12. Suppose h = -q*d + 8*d. What is the tens digit of d?
3
What is the units digit of (67 + 8)/((-19)/(-1425))?
5
What is the tens digit of 6*(-10 - 24254/(-12))?
6
Suppose 0 = 4*r - 30*r + 6*r + 34460. What is the units digit of r?
3
Suppose 0 = 2*g - 4, -2*g + 30 = -2*m + g. Let n(l) = -l**3 - 13*l**2 - 10*l + 26. Let s be n(m). Suppose -s*j + 4 = -16. What is the units digit of j?
0
Suppose 21*h = 56*h - 201260 - 180135. What is the ten thousands digit of h?
1
Suppose -108815 = -27*n + 110452. What is the hundreds digit of n?
1
Let n(w) = w**2 + 10*w + 26. Let g be n(-6). Let d be (122/g)/(7/14). Suppose 3*a + 81 = 4*q - 111, 2*q = -5*a + d. What is the tens digit of q?
5
Let g(a) = 15*a**3 - 4*a**2 - 7*a + 1. Let y be g(3). Let x = y - 175. Suppose x = 5*w + 39. What is the tens digit of w?
2
Let r(t) = -14*t**2 + 70*t + 40. Let y(n) = 16*n**2 - 70*n - 41. Let h(j) = 7*r(j) + 6*y(j). What is the units digit of h(33)?
6
Let k(o) = -5*o**3 + 23*o - 12. Suppose -72*h + 77*h + 25 = 0. What is the hundreds digit of k(h)?
4
Suppose -889 + 18960 = 17*q. Suppose -12*a + 545 = -q. What is the tens digit of a?
3
Suppose m = -0*m + 4*w - 2222, 6632 = -3*m - 5*w. Let v = -999 - m. What is the hundreds digit of v?
2
Let h = 89864 + -58761. What is the hundreds digit of h?
1
Let z = 7485 - -132. What is the tens digit of z?
1
Suppose -2*z - 2*i = -1432, -7 + 2811 = 4*z - 11*i. What is the hundreds digit of z?
7
Let d(m) = -m**3 - 79*m**2 + 5*m + 672. What is the units digit of d(-79)?
7
Suppose 24*x - 22*x = -4*j + 2068, -1048 = -x + 5*j. What is the tens digit of x?
3
Let n be 21/28 - (-594)/8. Suppose d = c - 30, -14 - 31 = d + 4*c. Let g = d + n. What is the tens digit of g?
4
Let p = 436 - 432. Suppose 5*w + h = 1553, -5*w - p*h + 925 = -2*w. What is the tens digit of w?
1
Suppose 7288*t = 7157*t + 1222534 + 10764752. What is the thousands digit of t?
1
Suppose -2*x + b = -2*b - 13, 3*b + 7 = -x. Suppose 4*a + 6*p = x*p + 512, -4*p + 4 = 0. Suppose a + 17 = 2*t. What is the tens digit of t?
7
Suppose -1216 = -b - 3*b. Suppose -37*u = -35*u - b. What is the units digit of u?
2
Let n(m) = m + 1016. What is the hundreds digit of n(-158)?
8
Suppose 0 = 4*m + x - 21, -5*x + x = 4*m - 24. Suppose -137 = m*y + 138. Let j = y - -140. What is the units digit of j?
5
Let o = 2095 - 1281. Suppose -o = -3*q - 10. What is the units digit of q?
8
Suppose 6145 = j + 4*f, -4*f - 2440 = -j + 3713. What is the units digit of j?
9
What is the tens digit of 37/(-481) - (-52692)/39?
5
Suppose -3*j + u - 2149 = -88538, 4*u = 2*j - 57586. What is the hundreds digit of j?
7
Let v = -2622 + 4290. Let b = v - 454. What is the hundreds digit of b?
2
Suppose -c - 15 = 4*s, -14 - 2 = 5*s + 4*c. What is the units digit of s*(-6)/4 - (-10 + -282)?
8
Let j = -107 + 109. Suppose j*y - 138 = 3*n, 3*y + 0*y + 4*n = 173. Suppose -4*b + 105 + y = 0. What is the units digit of b?
2
Suppose -v + 9420 = 4150. What is the hundreds digit of v?
2
What is the tens digit of 3*1*((-45604)/(-39) - 4)?
9
Let m(w) = 6*w + 23. Let y be (-2 + 70/21)/(2/3). Suppose -2*z = y*z - 44. What is the units digit of m(z)?
9
Suppose -31*p + 8991 = f - 32*p, p = 2. What is the units digit of f?
3
Let s = 81 - 78. Suppose -14 + 26 = s*b. Suppose b*g + 528 = 10*g. What is the tens digit of g?
8
Suppose -30*u - 12*u = -11*u - 861862. What is the hundreds digit of u?
8
Let w(v) = -v**3 + 5*v**2 - 4*v + 4. Let r be w(4). Suppose 5*c + 917 = h + 228, -3*h - r*c + 1972 = 0. What is the units digit of h/(-6)*60/(-40)?
6
Let z(v) = -3*v - 3. Let m be z(1). Let o be 5/(-20) - m/(-8) - -754. Suppose 6*d = 2*d - 3*f + o, -4*d - 2*f = -750. What is the hundreds digit of d?
1
Suppose u + 49 = -6*u. Let o = -64 - -96. Let h = o - u. What is the tens digit of h?
3
Let n be 0 + (-66)/12*-20. Let d = n + 371. What is the units digit of d?
1
Suppose 3*m + 9*y = 13*y + 22252, 29663 = 4*m + y. What is the thousands digit of m?
7
Suppose 10671 = 2*i - 5*p, 57*i - 54*i - 16054 = -2*p. What is the units digit of i?
8
Let q(j) = 1227*j**2 - 11*j + 1. What is the hundreds digit of q(-2)?
9
Let v = 20 + 380. Suppose -408*z = -v*z - 3784. What is the tens digit of z?
7
Suppose 2*a - 80 = -5*v + 3*a, 3*v = -a + 40. Let r = v + -9. Suppose g + 3*i = r*g - 326, 4*g - 260 = 2*i. What is the tens digit of g?
6
Let k = 21 - 15. Suppose 8 + 22 = -k*y. What is the tens digit of (-1)/y*-2 + (-2607)/(-55)?
4
Let s = -248 + 68. Let u = -372 - s. Let d = -112 - u. What is the units digit of d?
0
Suppose -26*w - 24*w + 319250 = 0. Suppose -11099 = -12*c + w. What is the thousands digit of c?
1
Suppose 4*o = 20 - 4, -o = -q - 1. Suppose -2*w - 2637 = q*z, -z = 4*w + w + 879. What is the tens digit of z/(-12) + (21/(-12))/7?
7
Let i(s) = 6*s - 7*s + 2*s + 17*s. Let c be 1 - ((-12)/4 - -1). What is the units digit of i(c)?
4
Let q be (18/22 - 1) + 2709/77. Suppose q*c = 33*c + 10. Suppose 6*m - c*m = 1. What is the units digit of m?
1
Let t(c) = -5 + c**2 + 1 + 6*c - 2*c**2 - c. Let j be t(3). Suppose j*f = 20 + 58. What is the tens digit of f?
3
Suppose -k + 25087 = 2*a, -4*k = -5*a - 30895 + 93645. What is the hundreds digit of a?
5
Let p(j) = -528*j - 25. What is the thousands digit of p(-8)?
4
What is the thousands digit of ((-106912)/(-64))/(2/12)?
0
Let v = 814 + -223. Suppose -7*t + 529 = -v. What is the tens digi